7. Let c be n(-5). Suppose -c*o = o + 2*y - 84, -3*o - 4*y = -63. What are the prime factors of o?
3, 7
Let h = -95 + 428. What are the prime factors of h?
3, 37
Let f(v) = -15*v + 39. What are the prime factors of f(-4)?
3, 11
What are the prime factors of (2/(-6))/((-1)/63)?
3, 7
Suppose -s + 1 = -1. Suppose l - s - 2 = 0. Suppose l*n - 3*c - 8 = 0, 0*c = 4*n - c - 8. What are the prime factors of n?
2
Let m(i) = 3*i - 3. Let l be m(4). Let w = 14 - l. Suppose 3*j = 7 + w. What are the prime factors of j?
2
Let p(q) = -q + 2. Let j be p(2). Suppose 23 = 3*k - 2*k - t, j = 4*k + 5*t - 56. What are the prime factors of k?
19
Let y(k) = -k**2 + k + 35. What are the prime factors of y(0)?
5, 7
Let i(g) = -g. Let b be i(0). Suppose 0 = -b*x + x. Suppose 0*n + 4*q = 5*n - 61, -4*q - 16 = x. List the prime factors of n.
3
Suppose 0 = 4*m + 5*d - 49, 3*m = -7*d + 8*d + 32. Suppose -2*q = -3*l + 32, 2*l - 13 - m = 4*q. What are the prime factors of l?
2, 5
Suppose -3*d - 3*v = -5*d + 59, -3*d = 3*v - 81. List the prime factors of d.
2, 7
Let i = 475 + -258. Suppose 243 = 4*p + 3*r, 4*p - i = 2*r + 41. Suppose 4*w - 3*m - p = 0, -2*w - 2*m = -8 - 6. List the prime factors of w.
2, 3
Let r = 25 + 15. List the prime factors of r.
2, 5
Suppose 0 = -2*z + 7*z - 750. List the prime factors of z.
2, 3, 5
Suppose -a - a - 12 = 0. Let w(h) be the third derivative of -h**5/60 - 3*h**4/8 - 4*h**3/3 - 2*h**2. List the prime factors of w(a).
2, 5
Let m = 21 - 30. Let w(d) = -d - 10. Let q be w(m). List the prime factors of (2 - q - 1) + 13.
3, 5
Let k = 150 + -59. List the prime factors of k.
7, 13
Let q(h) = h - 1. List the prime factors of q(16).
3, 5
What are the prime factors of 1*(4 - 4) + 12?
2, 3
Suppose 3*c = 4*c + 2. What are the prime factors of 1/c - (-30)/12?
2
List the prime factors of ((-1)/(2 + 1))/((-4)/1116).
3, 31
Suppose 4*a - 327 = 3*w - 7, -a + 79 = -w. What are the prime factors of a?
83
Let m(g) = g**2 - g + 5. Let w be m(5). Let z = 5 - w. List the prime factors of 2 + -3 + z/(-1).
19
Suppose -2*o = p - 13, 3*o + 1 = 4*p + 4. Suppose 0*w + y = o*w - 17, -w - 5 = -3*y. Suppose 6*l - w*l = 22. List the prime factors of l.
11
Suppose 12 = 4*q, -3*y - 17 = -8*y + q. Suppose y*i - 2*i + 8 = 0. Let d(r) = -r**3 - 3*r**2 + r + 1. List the prime factors of d(i).
13
Let i be 12/(-1)*4/6. Let a = 5 + -11. Let f = a - i. What are the prime factors of f?
2
Let b(w) = 2*w**2 + 7*w + 7. List the prime factors of b(6).
11
Suppose -11*j + 71 = -10*j. What are the prime factors of j?
71
Let p = 80 + -1. What are the prime factors of p?
79
Suppose u = -3*s + 55, -5*u + 59 = -s + 4*s. List the prime factors of s.
2, 3
Let x(u) = -u**3 - 3*u**2 + 2. Let y be x(-3). Suppose -3*h - 3*d = -69, 4*d = -y*h - 0*h + 38. What are the prime factors of h?
3
Suppose 0*i - 4*i + 121 = h, 2*h + 88 = 3*i. What are the prime factors of i?
2, 3, 5
Suppose -36 = -2*c + 470. What are the prime factors of c?
11, 23
Let w = 13 + -8. Suppose 2 = -0*b + 2*b, 0 = -2*k + w*b + 39. What are the prime factors of k?
2, 11
Let x(n) = 35*n - 1. Let g be x(-1). Let l = -8 - g. List the prime factors of l.
2, 7
Let c(l) = l**3 + 7*l**2 + 5*l + 8. List the prime factors of c(-6).
2, 7
Let d be (-80)/12 - (-5)/(-15). What are the prime factors of (d/2)/(3/(-18))?
3, 7
Let z(c) = -3*c + 14. List the prime factors of z(-8).
2, 19
Suppose 3*r + 0 = -12. Let g(i) = 2*i**2 + 5*i - 2. Let j be g(r). Suppose -1 = -x + j. What are the prime factors of x?
11
What are the prime factors of ((-12)/8)/((-3)/106)?
53
Let k(v) = 4*v + 39. List the prime factors of k(-9).
3
Suppose 3*h - 3*p - 588 = 0, -4*h - 3*p = -2*h - 372. What are the prime factors of h?
2, 3
Let j(x) = x**3 - 13*x**2 + 3*x + 8. List the prime factors of j(13).
47
List the prime factors of 40/(-4*3/(-72)).
2, 3, 5
Let q = -59 + 104. List the prime factors of q.
3, 5
Let u be (1 + 3)/(-2) + 14. Suppose 2*s - 2 = -t + 4, -u = -5*s - t. Let a = s - -3. What are the prime factors of a?
5
Suppose 2*a - 4 = -2*d, -2*d - d - 30 = -3*a. Suppose 12 + 72 = 3*f - 2*j, 0 = -5*f - 3*j + 121. Suppose 0 = -m + f - a. What are the prime factors of m?
2, 5
Let v(j) = -j**3 + 4*j**2 + 9*j - 4. Let t be v(6). Let s = t - -34. Suppose 0 = m + 3*p - 12, m - p - s = -3*p. List the prime factors of m.
2, 3
Let l = 56 - 39. List the prime factors of l.
17
Let t = -3 - -4. Let f = 3 + -4. What are the prime factors of 7 + 0 + t/f?
2, 3
Let u be (-3)/((-18)/219)*2. Let c = -42 + u. List the prime factors of c.
31
Let v(g) = -32*g + 2. List the prime factors of v(-2).
2, 3, 11
Let f be 29 + (1 - -2) - 2. Suppose -f - 1 = -s. List the prime factors of s.
31
Let z(y) = y - 3. Let k be z(6). Suppose 11 + 1 = k*v. Suppose 0*s - v*s = -84. What are the prime factors of s?
3, 7
Let d(c) = 167*c**3 - c. List the prime factors of d(1).
2, 83
Suppose 17 + 121 = 3*p. What are the prime factors of p?
2, 23
Suppose -4*u = -2*u - 100. Suppose z + z + 2 = -5*w, 5*z = -2*w + 16. Suppose o - u = -z*o. List the prime factors of o.
2, 5
Let o(z) = 3 - 1 - 10*z - 5*z**2 + 4*z**2. Let h be o(-8). List the prime factors of 40/h + 4/(-18).
2
Let r(v) = -2*v + 5. Let p(k) = 5*k - 15. Let s(l) = -3*p(l) - 8*r(l). Let t = 0 - -4. What are the prime factors of s(t)?
3
Let w(t) be the second derivative of -t**5/20 - 3*t**4/4 - 4*t**3/3 + 11*t**2/2 + 2*t. Let v be w(-8). Suppose -v = s - 2*s. What are the prime factors of s?
11
Let u be (-6 + -2)/((-2)/1). Suppose -2*x + 41 + 9 = -5*w, -3*w + u*x = 30. List the prime factors of w/(-25) - 46/(-10).
5
List the prime factors of 4/2 + 174/(6/3).
89
Suppose -3*i = 2*i - 195. Suppose -3*q + 47 = 4*v, -q + i = 2*v + v. What are the prime factors of v?
2, 7
Suppose 0 = -4*w + 5*v - 10*v - 17, -v = 5. Suppose -w*r + 5 = 3*m, -r - 5*m = 2*r - 6. What are the prime factors of r?
7
Suppose 4*k - 52 = -2*d + 6*d, 16 = -4*d - 5*k. Let x be (2 + (-6)/4)*-2. What are the prime factors of x/(2 - (-19)/d)?
3
Let u = 60 + 54. Suppose m = -5*m + u. What are the prime factors of m?
19
Suppose 0 = 3*c - 5*z - 239, c - 93 = z - 6*z. What are the prime factors of c?
83
Let l(g) = g**3 + 2*g**2 - 2*g + 1. Suppose -m + 3*q + 0 = 6, 5*m + 4*q - 27 = 0. List the prime factors of l(m).
2, 5
What are the prime factors of (-6)/(-4)*(-620)/(-30)?
31
Suppose 44 = 4*s - 0*s. Suppose 2*g = u - 11, -3*u + s + 0 = 5*g. List the prime factors of u.
7
Let i(w) = -33*w**3 - 6*w**3 + 10*w**3 - w - 18*w**3 + 2*w**2 - 2. What are the prime factors of i(-1)?
2, 3
Let v = -23 - -42. What are the prime factors of v?
19
Let n(h) = h**2 - 6*h + 5. Let v be n(5). Suppose v = -k - 4 + 48. What are the prime factors of (k/(-12))/((-1)/3)?
11
Let t(o) = o + 12. Let s be t(-5). Suppose 2*c + 120 = s*c. List the prime factors of c.
2, 3
Let q(p) = -p**3 + 11*p**2 + 12*p + 4. Let m be q(12). Let y(v) = 4*v - 1. What are the prime factors of y(m)?
3, 5
What are the prime factors of 2/(-8) + 29/4?
7
Let k = -3 - -5. Let x(j) = -k*j + 4*j - 3 + 0*j. What are the prime factors of x(6)?
3
Let t = -34 + 84. List the prime factors of t.
2, 5
Suppose -3*j - 3*b = -654, 3*j - 648 = 3*b - 4*b. List the prime factors of j.
5, 43
Suppose -r - 84 = -p, 1 = -2*r - 5. List the prime factors of p.
3
Let h be (-4)/(-6)*(-9)/(-2). Suppose -66 = -0*d - h*d. Suppose 2*j = 4*j - d. What are the prime factors of j?
11
Let q be 1 - -1 - (8 + -4). What are the prime factors of ((-24)/q)/(4/2)?
2, 3
Let p = -4 - -2. Let a = p + 10. What are the prime factors of a?
2
Suppose -73 - 13 = 2*z. Let o = z - -61. What are the prime factors of o?
2, 3
Let x = 26 + -13. Let g = -8 + x. What are the prime factors of g?
5
Let r(a) = 2*a + 2. List the prime factors of r(17).
2, 3
Let g(k) = k**2 + 12*k + 15. Let s be g(-11). Suppose 4*c = 2*b + 94, -c - 2*c = s*b - 54. List the prime factors of c.
2, 11
Suppose 0 = 5*s - 4*s - 38. List the prime factors of s.
2, 19
Let w be (-8)/(-3) - (-4)/12. Suppose 4*k + w*s = 58, s - 38 = -4*k + 24. List the prime factors of k.
2
Let g be -2 - (1*-6 - 1). Let t(x) = x**2 + x - 4. Let k be t(g). Let i = k + -16. List the prime factors of i.
2, 5
Let z(j) = 3 + 2*j - j + j**2 - 7 + j. Let s be z(-4). Suppose -2*t - 5*p = -30, s*t = 2*p + 3*p + 60. List the prime factors of t.
3, 5
Suppose